6.
befd2
-32221410 (base 5) to base 3
-111212222021
-436340 (base 7) to base 2
-10010101101111000
What is 195739 (base 13) in base 3?
1012112200101
-108409 (base 12) to base 3
-111101002200
What is -1236064 (base 7) in base 8?
-471472
What is -c3607f (base 16) in base 5?
-11234213343
What is 19b3813 (base 12) in base 16?
534fcf
What is 31301333023 (base 4) in base 11?
204823a
Convert 34252 (base 11) to base 14.
140b0
What is 201210 (base 4) in base 3?
2221120
10000210200012 (base 3) to base 6
54302135
Convert 5340321 (base 8) to base 16.
15c0d1
Convert bc84c (base 16) to base 12.
312a38
2a99039 (base 13) to base 9
27604223
-71599 (base 13) to base 2
-110001100101010111
Convert -11130134 (base 5) to base 9.
-160461
What is -a23823 (base 11) in base 16?
-1918ea
-4312120431 (base 5) to base 9
-18106386
-111993 (base 15) to base 16
-c71b2
-58d97 (base 15) to base 6
-10023024
Convert 58b1a83 (base 12) to base 2.
1000001011011011111000011
341422 (base 9) to base 4
301322300
What is 1313a1 (base 11) in base 8?
623673
Convert 21a227 (base 12) to base 14.
dd499
Convert -12012100222 (base 3) to base 12.
-4b275
-166493 (base 11) to base 15
-51449
-1001110110110001001 (base 2) to base 14
-859a1
6556267 (base 8) to base 13
4983a5
b3434 (base 15) to base 4
2022222031
What is -2455343 (base 13) in base 8?
-53050726
What is -31852a3 (base 12) in base 8?
-43623533
10cabc (base 13) to base 16
6188e
What is 6dd070 (base 14) in base 4?
32112133022
What is 1100010010001101100101 (base 2) in base 3?
20001121110022
Convert 490446 (base 14) to base 5.
1114413021
What is 31b9b (base 16) in base 15?
40535
What is 4880010 (base 10) in base 2?
10010100111011010001010
-131201010002 (base 4) to base 12
-2711942
Convert -13415553 (base 6) to base 8.
-1565735
-54741 (base 13) to base 9
-252570
What is -16202642 (base 7) in base 4?
-11331312131
What is 38149c (base 15) in base 7?
31562262
What is 113321440 (base 6) in base 10?
2125824
-1021020022200 (base 3) to base 12
-285b46
What is 6727631 (base 8) in base 6?
102520041
-2202112120010 (base 3) to base 6
-51240220
What is 12047166 (base 9) in base 3?
102001121012020
Convert 3001556 (base 7) to base 6.
11324532
Convert 374a941 (base 11) to base 14.
c18408
What is -2032033 (base 4) in base 15?
-2a6d
What is 155cd3 (base 15) in base 8?
3740121
1020603 (base 9) to base 12
223510
Convert 210230202 (base 4) to base 3.
21122011220
22220222120210 (base 3) to base 7
55213602
-de27d (base 15) to base 14
-1453a7
Convert 1215604 (base 10) to base 16.
128c74
What is 48a2f (base 16) in base 10?
297519
-276631 (base 8) to base 2
-10111110110011001
What is -231323321 (base 4) in base 16?
-2def9
What is -8bb72a (base 13) in base 6?
-154535341
21831 (base 13) to base 4
32310213
What is -440225 (base 6) in base 9?
-54808
What is -101120121102 (base 3) in base 15?
-41a58
What is 25585360 (base 9) in base 15?
1185d13
Convert 63365 (base 12) to base 3.
20121110212
Convert 10000100100110000111 (base 2) to base 4.
2010212013
2a3bc3 (base 13) to base 14
1cdbb7
What is 50865 (base 15) in base 3?
110221211012
1a0a9b (base 13) to base 15
d029b
Convert -2623501 (base 8) to base 9.
-1333601
What is -220211024 (base 5) in base 9?
-1688560
120213132 (base 4) to base 9
163273
-3575456 (base 8) to base 7
-11226260
What is -20332132 (base 5) in base 12?
-81128
21334012 (base 5) to base 12
8a328
-13434717 (base 9) to base 12
-22807ba
Convert -1257a8 (base 11) to base 16.
-30541
What is a0912 (base 13) in base 11?
186812
Convert -32761222 (base 8) to base 13.
-1607255
Convert 434c8a (base 13) to base 15.
213a25
What is -309590 (base 10) in base 13?
-aabb8
What is 3c9c (base 15) in base 11?
9823
-996c7 (base 13) to base 9
-463307
146bb (base 16) to base 2
10100011010111011
What is 1127025 (base 14) in base 16?
7c9069
2b698 (base 16) to base 6
3451120
-100342103 (base 5) to base 11
-255682
What is -16a409 (base 12) in base 8?
-1373711
What is 9a97 (base 13) in base 12?
105ab
Convert -45bbd (base 14) to base 2.
-101001011011101011
19551a (base 11) to base 7
2356634
Convert 120201100100 (base 3) to base 6.
10344100
3660101 (base 8) to base 6
33333105
-20325 (base 8) to base 13
-3a97
Convert -3202002121 (base 4) to base 6.
-31502201
-87a311 (base 11) to base 12
-578a04
42450034 (base 6) to base 4
10301111212
What is -49097 (base 11) in base 2?
-10001001111111001
What is -11220110002 (base 3) in base 6?
-2023002
What is 31544324 (base 6) in base 4?
3203122330
43205142 (base 7) to base 8
16030337
Convert 253a39 (base 15) to base 9.
3318540
What is 315355030 (base 6) in base 2?
10101010011000001111010
53ca (base 13) to base 5
333113
c765f5 (base 16) to base 7
216034304
2141350 (base 6) to base 5
11403001
Convert 112011130201 (base 4) to base 2.
10110000101011100100001
What is -1380760 (base 12) in base 11?
-2223793
What is 12212314320 (base 5) in base 8?
67457035
5a801b (base 13) to base 3
11001201111222
1111301121 (base 6) to base 2
101110001011111011101001
Convert -110120102212 (base 3) to base 2.
-111100011010011011
1313021013 (base 5) to base 2
1100011001110010110111
What is -712 (base 8) in base 12?
-322
What is -110011100000010001000 (base 2) in base 8?
-6340210
Convert -133013542 (base 6) to base 13.
-7225a0
-122a94 (base 12) to base 14
-7989a
What is -185983 (base 11) in base 5?
-33123024
Convert -137532 (base 9) to base 15.
-19e7e
1111000001110000001 (base 2) to base 12
1b8b69
What is -11323311 (base 5) in base 12?
-507bb
Convert -1123144213 (base 5) to base 10.
-2553058
What is -31cce (base 15) in base 6?
-3220052
Convert -358e8 (base 15) to base 14.
-4633a
Convert 5370420 (base 8) to base 5.
332003333
-3028237 (base 12) to base 2
-100010011000100101001011
What is 1244414341 (base 5) in base 3?
12212200002020
Convert -3512a3 (base 12) to base 6.
-30133523
Convert -6155cc (base 15) to base 3.
-22200222101210
-1101111110101111 (base 2) to base 14
-16c23
21de1f (base 16) to base 3
11011202122121
What is 44145 (base 14) in base 12?
7b515
What is 200532 (base 8) in base 9?
110332
What is 111212202011 (base 3) in base 10?
273190
Convert 219061 (base 10) to base 3.
102010111101
12552135 (base 6) to base 3
210021220012
Convert 10110222120011 (base 3) to base 15.
2681a7
123321021132 (base 4) to base 9
14674116
What is -20133022 (base 6) in base 10?
-572198
-214321000 (base 5) to base 6
-31553413
What is 10557 (base 10) in base 6?
120513
What is 100000110101011101110111 (base 2) in base 10?
8607607
What is -3000d8 (base 16) in base 13?
-861c09
3096a (base 12) to base 3
10020020001
Convert -a3966 (base 11) to base 9.
-250814
What is -585c9a (base 16) in base 3?
-101220012120211
-1012211420 (base 5) to base 14
-3bc334
-15315031 (base 6) to base 15
-a9a44
What is 20120220 (base 4) in base 6?
423000
-111111001012 (base 3) to base 5
-31443023
-3b59d (base 14) to base 2
-100011110001110111
What is 68c90 (base 16) in base 5?
102213300
Convert 88ca (base 15) to base 4.
13010332
Convert -2330149 (base 11) to base 8.
-17415744
What is -1400031 (base 6) in base 7?
-442522
-3722482 (base 9) to base 8
-7556364
Convert 1131441310 (base 5) to base 12.
a5998b
What is -7220 (base 9) in base 6?
-40243
Convert -10554414 (base 6) to base 12.
-138a0a
-27a9e (base 16) to base 6
-3252050
266160 (base 7) to base 16
c3f9
Convert -2112020002121 (base 3) to base 5.
-320433023
What is 3401404 (base 7) in base 10?
420718
Convert -1001424 (base 5) to base 14.
-5ad2
Convert -211303455 (base 6) to base 14.
-6c8067
-2c9b8 (base 13) to base 3
-11022211000
Convert 335111 (base 6) to base 5.
1401324
Convert -31342 (base 12) to base 16.
-fba2
11448 (base 11) to base 13
768b
-84e8c (base 15) to base 2
-1100110111110010110
-1310223 (base 5) to base 9
-38212
Convert -1270543 (base 8) to base 6.
-11351231
What is 10011111101110100100111 (base 2) in base 15?
6d5c09
Convert -357711 (base 8) to base 9.
-206432
26665 (base 9) to base 10
18041
What is 22bb179 (base 12) in base 6?
355545033
Convert 905c7 (base 15) to base 3.
212012210121
-214343155 (base 6) to base 4
-32231022233
Convert 64223 (base 13) to base 16.
2c129
11111000001011000010 (base 2) to base 8
3701302
What is -316055332 (base 7) in base 8?
-107670342
What is -4dc0a (base 15) in base 10?
-249085
Convert 124013333 (base 5) to base 13.
184b31
464